n base 13, what is 377 + 27?
3a1
In base 8, what is 0 - 36?
-36
In base 15, what is 0 - -94c?
94c
In base 16, what is 34 + 25?
59
In base 7, what is 5346 - 3?
5343
In base 5, what is -2100 + -2?
-2102
In base 4, what is -2 - 101?
-103
In base 11, what is 2 + 25?
27
In base 14, what is 3 + -454?
-451
In base 15, what is -4 - -48?
44
In base 15, what is -83 - -7?
-7b
In base 14, what is -1ab - -6?
-1a5
In base 11, what is a9 + 81?
17a
In base 13, what is -5 - 684?
-689
In base 2, what is -10110 + -1011100010?
-1011111000
In base 3, what is -2122 + 211?
-1211
In base 7, what is -4 - 4244?
-4251
In base 12, what is -5 - -45?
40
In base 13, what is 1 - -b1?
b2
In base 13, what is -10c8 + -4?
-10cc
In base 8, what is 3 + -610?
-605
In base 15, what is 4 - -45?
49
In base 16, what is -3 - -f0?
ed
In base 6, what is 130 + -10?
120
In base 3, what is 10 + -2102?
-2022
In base 11, what is -1567 + 5?
-1562
In base 4, what is 11 + 131?
202
In base 14, what is -289 + a?
-27d
In base 3, what is 2121 - 11001?
-1110
In base 14, what is 1c - -2?
20
In base 10, what is 5 - 19?
-14
In base 16, what is 14 - 7?
d
In base 2, what is -1 - -1000110?
1000101
In base 13, what is 19 - 1?
18
In base 12, what is 4 - 568?
-564
In base 11, what is 524a + -3?
5247
In base 11, what is 633 + 4?
637
In base 13, what is -30b + 3?
-308
In base 13, what is aaa - -4?
ab1
In base 3, what is 12 - 1120011?
-1112222
In base 10, what is -10 + 6?
-4
In base 6, what is -2 - 143?
-145
In base 4, what is 1 + -2211?
-2210
In base 12, what is -81 + 3?
-7a
In base 11, what is -8 + 13?
6
In base 6, what is 3 + -352?
-345
In base 2, what is -11 + -111111110111?
-111111111010
In base 7, what is -2363 + 5?
-2355
In base 10, what is -2 - -2?
0
In base 12, what is 0 - -1250?
1250
In base 7, what is 36 + -3?
33
In base 13, what is -19 - 233?
-24c
In base 3, what is 11021 - -1010?
12101
In base 14, what is -1c7 + -6?
-1cd
In base 12, what is 95 + -12?
83
In base 8, what is 3 - 16220?
-16215
In base 13, what is -4 + -2b9b?
-2ba2
In base 4, what is 1011 + -12?
333
In base 4, what is -1011 - 13?
-1030
In base 16, what is 3d + 3?
40
In base 3, what is -22120210 + 10?
-22120200
In base 5, what is -2 - 114332?
-114334
In base 3, what is 11202 - -10?
11212
In base 7, what is -13 + 154?
141
In base 8, what is 25 - 17?
6
In base 15, what is 15e - 1?
15d
In base 14, what is -6 + -87?
-8d
In base 3, what is 2001 + 1110?
10111
In base 10, what is 10 - 31?
-21
In base 6, what is -2 - 1321?
-1323
In base 16, what is 6f + -6?
69
In base 12, what is 4 - 6b?
-67
In base 13, what is 22 - 304?
-2b2
In base 15, what is -a45 - -3?
-a42
In base 9, what is -112 + 4?
-107
In base 11, what is -164 - 12?
-176
In base 7, what is 3 - -106?
112
In base 2, what is 10011101 - 0?
10011101
In base 5, what is 102114 - 3?
102111
In base 6, what is -204 - 253?
-501
In base 10, what is 822 - 13?
809
In base 9, what is -82 - -5?
-76
In base 4, what is -221110 + 1?
-221103
In base 8, what is -5 + -311?
-316
In base 8, what is -25 - 121?
-146
In base 12, what is 140 - 3?
139
In base 12, what is -17b + 1?
-17a
In base 7, what is 13014 + 2?
13016
In base 12, what is 5 + -434?
-42b
In base 10, what is 406 + 1?
407
In base 2, what is 10 - -111?
1001
In base 9, what is -343 + 3?
-340
In base 5, what is 10 + -103?
-43
In base 11, what is -2 - -8?
6
In base 9, what is 303 - 5?
287
In base 15, what is 5 + 14b?
151
In base 8, what is -4 - -40?
34
In base 6, what is 5 - 125?
-120
In base 13, what is -5 - 2c?
-34
In base 13, what is 40 + 8?
48
In base 9, what is 83 + 10?
103
In base 15, what is 4ec - -4?
501
In base 6, what is -3 - -2?
-1
In base 2, what is 101 + -101001001001?
-101001000100
In base 15, what is -7 - 540?
-547
In base 6, what is 3 + -114?
-111
In base 7, what is -5 - -5?
0
In base 6, what is -14 + 12104?
12050
In base 7, what is -4 + -65?
-102
In base 14, what is 1650 - -2?
1652
In base 4, what is -10 - -21322?
21312
In base 5, what is -142 + 4?
-133
In base 4, what is -20 - 1111?
-1131
In base 5, what is 131 + 1?
132
In base 9, what is 60 - 42?
17
In base 10, what is -2 - 1716?
-1718
In base 9, what is -612 + -1?
-613
In base 7, what is -3056 - 0?
-3056
In base 6, what is 2 + -20025?
-20023
In base 10, what is 2156 - 1?
2155
In base 2, what is 1000011 + 1001?
1001100
In base 7, what is -1410 - 2?
-1412
In base 12, what is 3 + 72?
75
In base 5, what is -42 - -4?
-33
In base 5, what is -141 - -1312?
1121
In base 3, what is -2101 + 10?
-2021
In base 15, what is -38c - 4?
-391
In base 12, what is -30 - -a?
-22
In base 11, what is 85 - -5?
8a
In base 7, what is 13 + 1253?
1266
In base 14, what is -b6 - -9?
-ab
In base 10, what is -4 + 378?
374
In base 6, what is 2 + -1021?
-1015
In base 8, what is 0 + 476?
476
In base 15, what is -4 - -26?
22
In base 16, what is 30 - 111?
-e1
In base 13, what is 5 + -177?
-172
In base 12, what is -582 + -7?
-589
In base 4, what is -231 - -13?
-212
In base 5, what is -12 + 234?
222
In base 16, what is 7 - -39?
40
In base 14, what is -2 - -1d1?
1cd
In base 16, what is -2 - -71?
6f
In base 12, what is -5 - -288?
283
In base 15, what is 3 + 39?
3c
In base 16, what is 10 + -35?
-25
In base 15, what is 9 - -b3?
bc
In base 9, what is 11 + 108?
120
In base 4, what is -2113 + -11?
-2130
In base 6, what is -1234 - -3?
-1231
In base 7, what is 25 - 1606?
-1551
In base 7, what is 4265 + 1?
4266
In base 15, what is -30 - -3?
-2c
In base 6, what is 2 + 230?
232
In base 7, what is -31316 + 4?
-31312
In base 10, what is -3006 - -1?
-3005
In base 8, what is -16 - -457?
441
In base 4, what is -1 + -10?
-11
In base 2, what is 11 - 1000100?
-1000001
In base 12, what is 11 - -96?
a7
In base 2, what is -110 + 1001111011?
1001110101
In base 16, what is -1 - -9e?
9d
In base 6, what is 32 + 4?
40
In base 4, what is -11 + -11232?
-11303
In base 7, what is -22000 - 0?
-22000
In base 2, what is -10 - 101111111111?
-110000000001
In base 15, what is -61 - 2?
-63
In base 11, what is -139 - -1?
-138
In base 8, what is -2 - 114?
-116
In base 12, what is -742 - 1?
-743
In base 11, what is 205 - 9?
1a7
In base 3, what is -102 + 10?
-22
In base 15, what is 51 - -2?
53
In base 16, what is 2a61 + 3?
2a64
In base 8, what is 1303 + 11?
1314
In base 11, what is -7 + -1a8?
-204
In base 13, what is -6 - 379?
-382
In base 6, what is 4 + 130?
134
In base 6, what is 1 + 1423?
1424
In base 8, what is 2521 + -3?
2516
In base 10, what is -4 - 184?
-188
In base 7, what is -1234 - 4?
-1241
In base 5, what is -3 - 110?
-113
In base 7, what is 604 + -4?
600
In base 7, what is -2 - 252?
-254
In base 11, what is -9 + 77?
69
In base 9, what is 51 - -13?
64
In base 2, what is -11010101111 - 1?
-11010110000
In base 10, what is 4 - 265?
-261
In base 14, what is -17 + 2d?
16
In base 6, what is -11 + -32?
-43
In base 16, what is 1 - 26d?
-26c
In base 10, what is 71 - -4?
75
In base 3, what is -201 - -2121?
1220
In base 16, what is -fea + -1?
-feb
In base 16, what is -47c - -2?
-47a
In base 7, what is 3643 + -26?
3614
In base 7, what is -54 - 4?
-61
In base 14, what is d + 5?
14
In base 12, what is 444 + 4?
448
In base 12, what is -1 + 514?
513
In base 9, what is -11318 - 2?
-11321
In base 12, what is -723 - 7?
-72a
In base 15, what is 7 + 14?
1b
In base 3, what is -11 + -121?
-202
In base 7, what is -11 + -2153?
-2164
In base 16, what is 6e - 51?
1d
In base 10, what is 3 - 32?
-29
In base 2, what is 100 - 11100111?
-11100011
In base 7, what is -213 - 60?
-303
In base 4, what is -3 + -3103?
-3112
In base 3, what is -10 - 100110?
-100120
In base 15, what is 2 + -7?
-5
In base 3, what is -1021 - 102?
-1200
In base 12, what is -132 + -4?
-136
In base 3, what is 21101 + -12?
21012
In base 8, what is 11 - 0?
11
In base 8, what is 2764 + 3?
2767
In base 8, what is 11351 + 4?
11355
In base 6, what is 14 + 22?
40
In base 15, what is 0 - 584?
-584
In base 14, what is 456a + 4?
4570
In base 15, what is 5 - -467?
46c
In base 3, what is 2210 - 10222?
-1012
In base 13, what is 351 - -4?
355
In base 11, what is 7 - 10?
-4
In base 8, what is -22144 - 2?
-22146
In base 8, what is 2 - -1666?
1670
In base 5, what is 10024 - 11?
10013
In base 3, what is 1020000000 + -2?
1012222221
In base 3, what is -1 + 20012?
20011
In base 7, what is 30 - 5?
22
In base 4, what is 101 - -11?
112
